{"id":23,"date":"2019-08-12T17:16:36","date_gmt":"2019-08-12T17:16:36","guid":{"rendered":"http:\/\/xn--menschen-oberflchen-uwb.com\/?page_id=23"},"modified":"2019-08-13T16:07:03","modified_gmt":"2019-08-13T16:07:03","slug":"home","status":"publish","type":"page","link":"http:\/\/xn--menschen-oberflchen-uwb.com\/","title":{"rendered":"Home"},"content":{"rendered":"\n<p>Die Firma <strong>Wo\/\/Co<\/strong> &#8211; <strong>Wolfgang Kohl Consulting <\/strong>&#8211; aus <strong>Solingen<\/strong> ist ein kompetenter Ansprechpartner f\u00fcr organisationsbezogene Personalentwicklung sowie bei der Beratung rund das um das Thema Oberfl\u00e4chentechnik.\n<\/p>\n\n\n\n<p>Zwei Dinge sind uns wichtig: <\/p>\n\n\n\n<ul class=\"wp-block-list\"><li><strong>  der Mensch<\/strong><\/li><li><strong>  die Oberfl\u00e4che<\/strong><\/li><\/ul>\n\n\n\n<p>Im Falle von&nbsp;<strong>Menschen<\/strong>&nbsp;sind es heute, mehr als zuvor, die pers\u00f6nlichen, sozialen und fachlichen, wie methodischen Qualifikationen; im Falle von <strong>Oberfl\u00e4chen<\/strong> die technischen und wirtschaftlichen Eigenschaften, die den Erfolg f\u00fcr ein <strong><em>zielorientiertes Ergebnis<\/em><\/strong> sicherstellen.\n<\/p>\n\n\n\n<p>In beiden F\u00e4llen,&nbsp;sowohl bei Menschen, als auch bei Oberfl\u00e4chen ist  es wichtig, den oder das Richtige f\u00fcr den jeweiligen Anwendungsfall  auszuw\u00e4hlen und einzusetzen.\n<\/p>\n\n\n\n<p><strong>Genau hier, setzen wir sowohl bei der organisationsbezogenen  Personalentwicklung, als auch bei der Beratung zur Oberfl\u00e4chentechnik  an.<\/strong>\n<\/p>\n\n\n\n<p>Der Internetauftritt ersetzt sicher kein pers\u00f6nliches Gespr\u00e4ch, denn <strong>ma\u00dfgeschneiderte Leistungen<\/strong> k\u00f6nnen nicht &#8222;per Katalog&#8220; angeboten werden. \n<\/p>\n\n\n\n<p>Auf&nbsp;den folgenden Seiten erhalten Sie eine kurze Darstellung unserer  Konzepte f\u00fcr die Personalentwicklung, die Organisationsentwicklung sowie  nat\u00fcrlich f\u00fcr die Oberfl\u00e4chentechnik. \n<\/p>\n\n\n\n<p>Sind Sie neugierig geworden, so z\u00f6gern Sie nicht uns anzusprechen.  Die Wolfgang Kohl Consulting aus Solingen freut sich auf das Gespr\u00e4ch  mit Ihnen.<\/p>\n","protected":false},"excerpt":{"rendered":"<p>Die Firma Wo\/\/Co &#8211; Wolfgang Kohl Consulting &#8211; aus Solingen ist ein kompetenter Ansprechpartner f\u00fcr organisationsbezogene Personalentwicklung sowie bei der Beratung rund das um das Thema Oberfl\u00e4chentechnik. Zwei Dinge sind uns wichtig: der Mensch die Oberfl\u00e4che Im Falle von&nbsp;Menschen&nbsp;sind es &hellip; <a href=\"http:\/\/xn--menschen-oberflchen-uwb.com\/\">Weiterlesen <span class=\"meta-nav\">&rarr;<\/span><\/a><\/p>\n","protected":false},"author":1,"featured_media":0,"parent":0,"menu_order":0,"comment_status":"closed","ping_status":"closed","template":"","meta":{"footnotes":""},"class_list":["post-23","page","type-page","status-publish","hentry"],"_links":{"self":[{"href":"http:\/\/xn--menschen-oberflchen-uwb.com\/index.php?rest_route=\/wp\/v2\/pages\/23","targetHints":{"allow":["GET"]}}],"collection":[{"href":"http:\/\/xn--menschen-oberflchen-uwb.com\/index.php?rest_route=\/wp\/v2\/pages"}],"about":[{"href":"http:\/\/xn--menschen-oberflchen-uwb.com\/index.php?rest_route=\/wp\/v2\/types\/page"}],"author":[{"embeddable":true,"href":"http:\/\/xn--menschen-oberflchen-uwb.com\/index.php?rest_route=\/wp\/v2\/users\/1"}],"replies":[{"embeddable":true,"href":"http:\/\/xn--menschen-oberflchen-uwb.com\/index.php?rest_route=%2Fwp%2Fv2%2Fcomments&post=23"}],"version-history":[{"count":3,"href":"http:\/\/xn--menschen-oberflchen-uwb.com\/index.php?rest_route=\/wp\/v2\/pages\/23\/revisions"}],"predecessor-version":[{"id":114,"href":"http:\/\/xn--menschen-oberflchen-uwb.com\/index.php?rest_route=\/wp\/v2\/pages\/23\/revisions\/114"}],"wp:attachment":[{"href":"http:\/\/xn--menschen-oberflchen-uwb.com\/index.php?rest_route=%2Fwp%2Fv2%2Fmedia&parent=23"}],"curies":[{"name":"wp","href":"https:\/\/api.w.org\/{rel}","templated":true}]}}